{"id":122,"date":"2017-08-22T17:28:10","date_gmt":"2017-08-22T15:28:10","guid":{"rendered":"http:\/\/192.168.10.145\/homepage\/?page_id=122"},"modified":"2017-08-24T08:37:42","modified_gmt":"2017-08-24T06:37:42","slug":"support","status":"publish","type":"page","link":"https:\/\/www.sbh.de\/?page_id=122","title":{"rendered":"Support"},"content":{"rendered":"<p>Unser Support steht Ihnen an Wochentagen von<\/p>\n<p>Montag bis Freitag von<\/p>\n<p>8.00 &#8211; 12.00 Uhr und<br \/>\n13.00 &#8211; 17 Uhr<\/p>\n<p>zur Verf\u00fcgung.<\/p>\n<p>Telefonnummer: (+49) 7243 &#8211; \u00a0523060<\/p>\n<p>Wir freuen uns \u00fcber Ihren Anruf.<\/p>\n<p>Gerne k\u00f6nnen Sie uns auch \u00fcber support@sbh.de kontaktieren<\/p>\n","protected":false},"excerpt":{"rendered":"<p>Unser Support steht Ihnen an Wochentagen von Montag bis Freitag von 8.00 &#8211; 12.00 Uhr und 13.00 &#8211; 17 Uhr zur Verf\u00fcgung. Telefonnummer: (+49) 7243 &#8211; \u00a0523060 Wir freuen uns \u00fcber Ihren Anruf. Gerne k\u00f6nnen Sie uns auch \u00fcber support@sbh.de kontaktieren<\/p>\n","protected":false},"author":1,"featured_media":0,"parent":0,"menu_order":0,"comment_status":"closed","ping_status":"closed","template":"","meta":{"_bbp_topic_count":0,"_bbp_reply_count":0,"_bbp_total_topic_count":0,"_bbp_total_reply_count":0,"_bbp_voice_count":0,"_bbp_anonymous_reply_count":0,"_bbp_topic_count_hidden":0,"_bbp_reply_count_hidden":0,"_bbp_forum_subforum_count":0,"ngg_post_thumbnail":0,"footnotes":""},"class_list":["post-122","page","type-page","status-publish","hentry"],"_links":{"self":[{"href":"https:\/\/www.sbh.de\/index.php?rest_route=\/wp\/v2\/pages\/122","targetHints":{"allow":["GET"]}}],"collection":[{"href":"https:\/\/www.sbh.de\/index.php?rest_route=\/wp\/v2\/pages"}],"about":[{"href":"https:\/\/www.sbh.de\/index.php?rest_route=\/wp\/v2\/types\/page"}],"author":[{"embeddable":true,"href":"https:\/\/www.sbh.de\/index.php?rest_route=\/wp\/v2\/users\/1"}],"replies":[{"embeddable":true,"href":"https:\/\/www.sbh.de\/index.php?rest_route=%2Fwp%2Fv2%2Fcomments&post=122"}],"version-history":[{"count":3,"href":"https:\/\/www.sbh.de\/index.php?rest_route=\/wp\/v2\/pages\/122\/revisions"}],"predecessor-version":[{"id":166,"href":"https:\/\/www.sbh.de\/index.php?rest_route=\/wp\/v2\/pages\/122\/revisions\/166"}],"wp:attachment":[{"href":"https:\/\/www.sbh.de\/index.php?rest_route=%2Fwp%2Fv2%2Fmedia&parent=122"}],"curies":[{"name":"wp","href":"https:\/\/api.w.org\/{rel}","templated":true}]}}