{"id":382,"date":"2018-08-26T22:49:57","date_gmt":"2018-08-26T20:49:57","guid":{"rendered":"http:\/\/192.168.19.86\/test\/?page_id=382"},"modified":"2019-10-21T11:58:18","modified_gmt":"2019-10-21T09:58:18","slug":"geschaeftfuehrer","status":"publish","type":"page","link":"https:\/\/www.sbh.de\/?page_id=382","title":{"rendered":"Gesch\u00e4ftf\u00fchrung"},"content":{"rendered":"<h3 style=\"text-align: center;\">Holger Hanschmann &#8211; Chief Financial Officer<\/h3>\n<p><img loading=\"lazy\" decoding=\"async\" class=\"aligncenter size-full wp-image-384\" src=\"https:\/\/www.sbh.de\/wp-content\/uploads\/2018\/08\/Holger.jpg\" alt=\"\" width=\"140\" height=\"189\"><\/p>\n<p>Als Student der Informatik arbeitete er freiberuflich bei dem damals noch kleinen Freiburger Softwarehaus Lexware. Aus seiner Hand stammen die Produkte &#8222;James&#8220; und weitere bekannte Applikationen. Ebenfalls entwickelt hat er die erste Programmierbibliothek, auf welcher die &#8222;SBH Faktu DOS&#8220; basierte. Heute leitet er die Entwicklungen der factu.32-Software-Reihe. Aus Neigung zu Wirtschaft und \u00d6konomie \u00fcbernahm er 1995 als CFO (Chief Financial Officer) die betriebswirtschaftlichen Bereiche und das Controlling innerhalb der SBH und der heutigen Firmengruppe. Dabei geh\u00f6ren Marktausrichtung und Expansion ebenfalls zu seinen Aufgaben, wie die Budgetierung der notwendigen Expansionen.<br \/>\nSofern es seine Zeit erlaubt, entwickelt er dennoch an diversen Projekten des SBH Software-Portfolios direkt mit.<\/p>\n<p>&nbsp;<\/p>\n<h3 style=\"text-align: left;\">&nbsp;&nbsp;&nbsp;&nbsp;&nbsp;&nbsp;&nbsp;&nbsp;&nbsp;&nbsp;&nbsp;&nbsp;&nbsp;&nbsp;&nbsp;&nbsp;&nbsp;&nbsp;&nbsp;&nbsp;&nbsp;&nbsp;&nbsp;&nbsp;&nbsp;&nbsp;&nbsp;&nbsp;&nbsp;&nbsp;&nbsp;&nbsp;&nbsp;&nbsp;&nbsp;&nbsp;&nbsp;&nbsp;&nbsp;&nbsp;&nbsp;&nbsp;&nbsp;&nbsp;&nbsp;&nbsp;&nbsp;&nbsp;&nbsp;&nbsp;&nbsp;&nbsp;&nbsp;&nbsp;&nbsp;&nbsp;&nbsp;&nbsp;&nbsp;&nbsp;&nbsp;&nbsp;&nbsp;&nbsp;&nbsp;&nbsp;&nbsp;&nbsp;&nbsp;&nbsp;&nbsp;&nbsp;&nbsp;&nbsp;&nbsp;&nbsp; Angelina Weigold<\/h3>\n<p><img loading=\"lazy\" decoding=\"async\" class=\"aligncenter size-medium wp-image-1203\" src=\"https:\/\/www.sbh.de\/wp-content\/uploads\/2019\/10\/Profil-1-220x300.png\" alt=\"\" width=\"220\" height=\"300\" srcset=\"https:\/\/www.sbh.de\/wp-content\/uploads\/2019\/10\/Profil-1-220x300.png 220w, https:\/\/www.sbh.de\/wp-content\/uploads\/2019\/10\/Profil-1-147x200.png 147w, https:\/\/www.sbh.de\/wp-content\/uploads\/2019\/10\/Profil-1.png 348w\" sizes=\"auto, (max-width: 220px) 100vw, 220px\" \/><\/p>\n<p>&nbsp;<\/p>\n<p>Seit ihrem Eintritt in unsere Gesellschaft hat Frau Weigold sich im besonderen Ma\u00dfe f\u00fcr unsere Kunden engagiert und immer mit dem n\u00f6tigen Elan aktiv an L\u00f6sungen mitgewirkt.<br \/>\nDabei hat Frau Weigold bereits seit Beginn ihrer Ausbildung als IT- und Systemkauffrau im Jahre 2013 nicht nur unsere Software, sondern auch die Belange in der Rollladen- und Sonnenschutzbranche genau kennengelernt.<br \/>\nMit gro\u00dfer Sachkompetenz, aber auch der von vielen Kunden so geliebten unkomplizierten Art, gelingt es Frau Weigold stets, die oftmals komplexen Themen der EDV gekonnt zu vermitteln und an praxisnahen Beispielen den richtigen Weg aufzuzeigen.<br \/>\nSeit dem 01.01.2018 vertritt Sie die SBH-GmbH als alleinvertretungsberechtige Prokuristin aktiv nach au\u00dfen und seit dem 01.06.2019 als Gesch\u00e4ftsf\u00fchrerin<br \/>\nDabei wird Frau Weigold nach wie vor im Support t\u00e4tig sein und Ihnen somit als Ansprechpartnerin zur Verf\u00fcgung stehen.<br \/>\nKundenzufriedenheit ist uns sehr wichtig! Deshalb wird Frau Weigold auch in Zukunft diesen Grundgedanken unserer Gesellschaft bei der t\u00e4glichen Arbeit im Support mit ihrem Team umzusetzen versuchen und bei Problemen immer ein offenes Ohr f\u00fcr Sie haben.<\/p>\n<p>&nbsp;<\/p>\n","protected":false},"excerpt":{"rendered":"<p>Holger Hanschmann &#8211; Chief Financial Officer Als Student der Informatik arbeitete er freiberuflich bei dem damals noch kleinen Freiburger Softwarehaus Lexware. Aus seiner Hand stammen die Produkte &#8222;James&#8220; und weitere bekannte Applikationen. Ebenfalls entwickelt hat er die erste Programmierbibliothek, auf welcher die &#8222;SBH Faktu DOS&#8220; basierte. Heute leitet er die Entwicklungen der factu.32-Software-Reihe. Aus Neigung&hellip; <br \/> <a class=\"read-more\" href=\"https:\/\/www.sbh.de\/?page_id=382\">Weiterlesen<\/a><\/p>\n","protected":false},"author":1,"featured_media":0,"parent":0,"menu_order":0,"comment_status":"closed","ping_status":"closed","template":"","meta":{"_bbp_topic_count":0,"_bbp_reply_count":0,"_bbp_total_topic_count":0,"_bbp_total_reply_count":0,"_bbp_voice_count":0,"_bbp_anonymous_reply_count":0,"_bbp_topic_count_hidden":0,"_bbp_reply_count_hidden":0,"_bbp_forum_subforum_count":0,"ngg_post_thumbnail":0,"footnotes":""},"class_list":["post-382","page","type-page","status-publish","hentry"],"_links":{"self":[{"href":"https:\/\/www.sbh.de\/index.php?rest_route=\/wp\/v2\/pages\/382","targetHints":{"allow":["GET"]}}],"collection":[{"href":"https:\/\/www.sbh.de\/index.php?rest_route=\/wp\/v2\/pages"}],"about":[{"href":"https:\/\/www.sbh.de\/index.php?rest_route=\/wp\/v2\/types\/page"}],"author":[{"embeddable":true,"href":"https:\/\/www.sbh.de\/index.php?rest_route=\/wp\/v2\/users\/1"}],"replies":[{"embeddable":true,"href":"https:\/\/www.sbh.de\/index.php?rest_route=%2Fwp%2Fv2%2Fcomments&post=382"}],"version-history":[{"count":16,"href":"https:\/\/www.sbh.de\/index.php?rest_route=\/wp\/v2\/pages\/382\/revisions"}],"predecessor-version":[{"id":1208,"href":"https:\/\/www.sbh.de\/index.php?rest_route=\/wp\/v2\/pages\/382\/revisions\/1208"}],"wp:attachment":[{"href":"https:\/\/www.sbh.de\/index.php?rest_route=%2Fwp%2Fv2%2Fmedia&parent=382"}],"curies":[{"name":"wp","href":"https:\/\/api.w.org\/{rel}","templated":true}]}}