{"id":402,"date":"2018-08-26T23:17:59","date_gmt":"2018-08-26T21:17:59","guid":{"rendered":"http:\/\/192.168.19.86\/test\/?page_id=402"},"modified":"2020-02-19T08:38:33","modified_gmt":"2020-02-19T07:38:33","slug":"fachinformatiker-in","status":"publish","type":"page","link":"https:\/\/www.sbh.de\/?page_id=402","title":{"rendered":"Fachinformatiker (m\/w\/d)"},"content":{"rendered":"<p>Sie bearbeiten 2-nd Level Supportanfragen und unterst\u00fctzen die Entwicklung in C# und Delphi (RAD-Studio).<br \/>\nAuch das Erstellen komplexer Skripte per Delphi, Pascal und SQL, sowie die Wartung und Erweiterung von interner und externer Software<br \/>\ngeh\u00f6rt zu Ihrem Aufgabengebiet.<\/p>\n<p>Ihr Profil:<\/p>\n<p>&#8211; Sie besitzen fundierte Kenntnisse in der Programmierung mit C# oder Delphi und scheuen sich nicht vor neuen Herausforderungen.<br \/>\n&#8211; Sie konnten bereits Erfahrungen in der Installation und Konfiguration von Datenbanksystemen sammeln und auch die g\u00e4ngigen Microsoft Systeme sind Ihnen nicht fremd.<br \/>\n&#8211; Sie arbeiten selbstst\u00e4ndig, l\u00f6sungsorientiert und sind dazu noch strukturiert.<\/p>\n<p>Was wir Ihnen bieten:<\/p>\n<p>Neben einer Vollzeitarbeitsstelle, bieten wir Ihnen einen abwechslungsreichen Job,<br \/>\nwelcher Freir\u00e4ume f\u00fcr die Entwicklung von eigenverantwortlichen und kreativen<br \/>\nL\u00f6sungen zul\u00e4sst, sowie eine leistungsgerechte Verg\u00fctungsstruktur und innerbetriebliche<br \/>\nAufstiegsm\u00f6glichkeiten.<\/p>\n<p>Wir freuen uns \u00fcber Ihre ausf\u00fchrlichen Bewerbungsunterlagen inkl. Lebenslauf.<\/p>\n<p>SBH GmbH<br \/>\nz. Hd. Herrn Weigold<br \/>\nAm Hardtwald 9<br \/>\n76275 Ettlingen<br \/>\nbewerbung@sbh.de<\/p>\n","protected":false},"excerpt":{"rendered":"<p>Sie bearbeiten 2-nd Level Supportanfragen und unterst\u00fctzen die Entwicklung in C# und Delphi (RAD-Studio). Auch das Erstellen komplexer Skripte per Delphi, Pascal und SQL, sowie die Wartung und Erweiterung von interner und externer Software geh\u00f6rt zu Ihrem Aufgabengebiet. Ihr Profil: &#8211; Sie besitzen fundierte Kenntnisse in der Programmierung mit C# oder Delphi und scheuen sich&hellip; <br \/> <a class=\"read-more\" href=\"https:\/\/www.sbh.de\/?page_id=402\">Weiterlesen<\/a><\/p>\n","protected":false},"author":1,"featured_media":0,"parent":0,"menu_order":0,"comment_status":"closed","ping_status":"closed","template":"","meta":{"_bbp_topic_count":0,"_bbp_reply_count":0,"_bbp_total_topic_count":0,"_bbp_total_reply_count":0,"_bbp_voice_count":0,"_bbp_anonymous_reply_count":0,"_bbp_topic_count_hidden":0,"_bbp_reply_count_hidden":0,"_bbp_forum_subforum_count":0,"ngg_post_thumbnail":0,"footnotes":""},"class_list":["post-402","page","type-page","status-publish","hentry"],"_links":{"self":[{"href":"https:\/\/www.sbh.de\/index.php?rest_route=\/wp\/v2\/pages\/402","targetHints":{"allow":["GET"]}}],"collection":[{"href":"https:\/\/www.sbh.de\/index.php?rest_route=\/wp\/v2\/pages"}],"about":[{"href":"https:\/\/www.sbh.de\/index.php?rest_route=\/wp\/v2\/types\/page"}],"author":[{"embeddable":true,"href":"https:\/\/www.sbh.de\/index.php?rest_route=\/wp\/v2\/users\/1"}],"replies":[{"embeddable":true,"href":"https:\/\/www.sbh.de\/index.php?rest_route=%2Fwp%2Fv2%2Fcomments&post=402"}],"version-history":[{"count":3,"href":"https:\/\/www.sbh.de\/index.php?rest_route=\/wp\/v2\/pages\/402\/revisions"}],"predecessor-version":[{"id":1244,"href":"https:\/\/www.sbh.de\/index.php?rest_route=\/wp\/v2\/pages\/402\/revisions\/1244"}],"wp:attachment":[{"href":"https:\/\/www.sbh.de\/index.php?rest_route=%2Fwp%2Fv2%2Fmedia&parent=402"}],"curies":[{"name":"wp","href":"https:\/\/api.w.org\/{rel}","templated":true}]}}